?
-202
In base 8, what is -7 + 101?
72
In base 11, what is -1 - 59?
-5a
In base 10, what is 1 - 1094?
-1093
In base 13, what is -10 - 53?
-63
In base 2, what is -10 + 1111111?
1111101
In base 4, what is -113 - 313?
-1032
In base 2, what is 10001010111 + 1?
10001011000
In base 7, what is -4 + 36?
32
In base 5, what is -3 - 3040?
-3043
In base 14, what is 9 + -29?
-20
In base 10, what is 3 + -227?
-224
In base 16, what is 0 + 82?
82
In base 8, what is 402 + -5?
375
In base 4, what is -3303 - -2?
-3301
In base 6, what is -5 + 115?
110
In base 12, what is 16 + -5b?
-45
In base 15, what is 3 - 8e?
-8b
In base 13, what is 4 - a2?
-9b
In base 2, what is 11 - 10111000?
-10110101
In base 14, what is 7 + a7?
b0
In base 10, what is -6 - -942?
936
In base 15, what is 70b - -2?
70d
In base 12, what is -1 + 65?
64
In base 8, what is -15 - 170?
-205
In base 5, what is 2022 + -20?
2002
In base 10, what is -1914 - -1?
-1913
In base 10, what is 543 - -27?
570
In base 14, what is -81 - 70?
-111
In base 8, what is 1 + 1006?
1007
In base 10, what is -28 + 5?
-23
In base 9, what is 262 - 0?
262
In base 14, what is -1720 - -4?
-171a
In base 2, what is -100000 + -1001?
-101001
In base 8, what is 1 - 0?
1
In base 2, what is 110110 + 10?
111000
In base 3, what is -202212 - 1?
-202220
In base 6, what is 50 - 212?
-122
In base 4, what is 11 + -1331?
-1320
In base 2, what is 1 + 1101111?
1110000
In base 15, what is -5 - 343?
-348
In base 16, what is -d - -1?
-c
In base 2, what is 11 - 10010110000?
-10010101101
In base 14, what is -1 - -2c44?
2c43
In base 2, what is 1011000010 - 1?
1011000001
In base 14, what is -8 - -8?
0
In base 4, what is 1311232 - -2?
1311300
In base 8, what is 357 - 5?
352
In base 10, what is -7 + -13?
-20
In base 8, what is 346 + 1?
347
In base 10, what is 178 - -130?
308
In base 14, what is -5 + 33?
2c
In base 6, what is 2 + -100123?
-100121
In base 5, what is 0 - -141?
141
In base 2, what is 1 - 111110000?
-111101111
In base 12, what is 330 + -3?
329
In base 2, what is 1001111100 - 11?
1001111001
In base 13, what is -11 + 2a3?
292
In base 9, what is 1316 + -4?
1312
In base 14, what is -4 - -49?
45
In base 3, what is -12 + -100200?
-100212
In base 11, what is 14 - -459?
472
In base 8, what is 3 - 10?
-5
In base 15, what is -1 - 1d0?
-1d1
In base 14, what is -58 - 4?
-5c
In base 5, what is 10 + 4410?
4420
In base 7, what is -3 - -133?
130
In base 14, what is -b3a + -4?
-b40
In base 15, what is -c + -5?
-12
In base 10, what is -18 + 145?
127
In base 4, what is 2131 - 31?
2100
In base 7, what is 12 - -52?
64
In base 12, what is -3 + 14a4?
14a1
In base 12, what is -2 + -179?
-17b
In base 4, what is 11 + 1101?
1112
In base 14, what is 87 - -3?
8a
In base 6, what is 3 - 144?
-141
In base 11, what is 196 - 0?
196
In base 9, what is -3 + -1261?
-1264
In base 2, what is -1110100010 + 10?
-1110100000
In base 8, what is 121 + -50?
51
In base 16, what is 2d9 + -3?
2d6
In base 9, what is -3041 - 5?
-3046
In base 6, what is 12542 - -3?
12545
In base 8, what is 2 - 2645?
-2643
In base 4, what is -122011 + -22?
-122033
In base 11, what is -1058 - -1?
-1057
In base 14, what is -4 + -1?
-5
In base 3, what is -102100 - 10?
-102110
In base 15, what is -3 - -2de?
2db
In base 16, what is d + 25?
32
In base 7, what is -5434 - 4?
-5441
In base 8, what is 24 - -1?
25
In base 6, what is -12335 - -2?
-12333
In base 8, what is 2 - 6362?
-6360
In base 14, what is -10d - -5?
-108
In base 2, what is -11 - 110011101?
-110100000
In base 6, what is 405 - 5?
400
In base 2, what is 101011 + -111?
100100
In base 15, what is 0 - -412?
412
In base 12, what is -5163 - -3?
-5160
In base 14, what is 11d + -3?
11a
In base 10, what is -2 - 351?
-353
In base 8, what is 1237 - 3?
1234
In base 16, what is 6 + -153?
-14d
In base 8, what is -10 - -131?
121
In base 3, what is 20 + -210?
-120
In base 3, what is -12 + -211102?
-211121
In base 2, what is 1101 + 101?
10010
In base 3, what is 100 - -20?
120
In base 5, what is 2 - 14243?
-14241
In base 5, what is 4111 + -10?
4101
In base 15, what is 85 + -2?
83
In base 7, what is 614 - -4?
621
In base 14, what is 0 + 5?
5
In base 13, what is 247c + -1?
247b
In base 16, what is -12b8 + 2?
-12b6
In base 14, what is -24a - -4?
-246
In base 9, what is -10216 - -4?
-10212
In base 13, what is 2b + -65?
-37
In base 13, what is 35 - -13?
48
In base 5, what is -1 - -1?
0
In base 7, what is -3 - -453?
450
In base 13, what is -38 - 12?
-4a
In base 3, what is 100 + -110?
-10
In base 11, what is -99 - -18?
-81
In base 7, what is -21 - 1?
-22
In base 16, what is 10 - -bd?
cd
In base 15, what is -13d0 - 0?
-13d0
In base 11, what is a0 + 2?
a2
In base 5, what is 2024 + 4?
2033
In base 16, what is -2a + -5?
-2f
In base 5, what is 3 + -34?
-31
In base 5, what is 3440 - 2?
3433
In base 10, what is -442 + 4?
-438
In base 4, what is 2 - 21?
-13
In base 16, what is 25 + 5?
2a
In base 16, what is -1b4f + -2?
-1b51
In base 15, what is -2 + -11?
-13
In base 7, what is 363 - 4?
356
In base 7, what is 4254 - 3?
4251
In base 12, what is b4 + -5?
ab
In base 5, what is 2002003 + 0?
2002003
In base 3, what is -1000 - -21120?
20120
In base 5, what is 2 + -1023?
-1021
In base 9, what is -6 - -31?
24
In base 2, what is -1101 - -100?
-1001
In base 11, what is 21 + 4?
25
In base 13, what is -8 + 1b3?
1a8
In base 14, what is 5 - -36a?
371
In base 10, what is 4 - 26?
-22
In base 7, what is 3 - -20?
23
In base 6, what is -41 - -2012?
1531
In base 3, what is -1101 - 20?
-1121
In base 3, what is -110212 - 1102?
-112021
In base 10, what is -6 + 29?
23
In base 10, what is -13 - -264?
251
In base 13, what is 66a1 + 2?
66a3
In base 11, what is 1071 - 4?
1068
In base 10, what is 196 + -58?
138
In base 10, what is 2 - 3?
-1
In base 9, what is -1172 + -4?
-1176
In base 11, what is a + 637?
646
In base 16, what is 16 - 68?
-52
In base 4, what is -3223221 - 11?
-3223232
In base 11, what is 1 + -87?
-86
In base 13, what is 101 + -1?
100
In base 10, what is 661 + 0?
661
In base 11, what is -a7 + 30?
-77
In base 4, what is -2021 - -131?
-1230
In base 7, what is 200 - -40?
240
In base 14, what is 91 + 5?
96
In base 8, what is 4 + -307?
-303
In base 12, what is -16a - 4?
-172
In base 3, what is -100010 + -1?
-100011
In base 14, what is -59 - 19?
-74
In base 16, what is 4f - b?
44
In base 4, what is 102 + -1321?
-1213
In base 10, what is 6169 - 0?
6169
In base 13, what is 283c + 5?
2844
In base 3, what is 1001 - -10001?
11002
In base 13, what is -5 - -118a?
1185
In base 4, what is 1011113 - 0?
1011113
In base 2, what is 1100100 + -1000?
1011100
In base 11, what is -6 - -474?
469
In base 11, what is -93 + 5?
-89
In base 6, what is 2 - -3?
5
In base 15, what is e + 1?
10
In base 11, what is 1 + -19a?
-199
In base 7, what is 12 - 106?
-64
In base 9, what is -5 + -2001?
-2006
In base 7, what is -23 - 14?
-40
In base 4, what is 1 - 1233?
-1232
In base 2, what is 1 - 110110?
-110101
In base 5, what is 243 - 21?
222
In base 15, what is 1d + d?
2b
In base 13, what is -ca - -55?
-75
In base 15, what is 5 - 3?
2
In base 9, what is 5 + 50?
55
In base 9, what is 144 + -103?
41
In base 14, what is 8 + 88?
92
In base 10, what is -2 - -1741?
1739
In base 15, what is -13e0 - 4?
-13e4
In base 4, what is 1002 + 12?
1020
In base 15, what is 6ad - -5?
6b3
In base 10, what is 3 - -349?
352
In base 14, what is -42 + -373?
-3b5
In base 16, what is 1ad8 - -2?
1ada
In base 7, what is -1 - 135?
-136
In base 7, what is 5202 + -1?
5201
In base 2, what is -11010011 - 10100?
-11100111
In base 15, what is -2 - -6c8?
6c6
In base 11, what is a + -134?
-125
In base 9, what is -3 - -25?
22
In base 14, what is 2b + 8?
35
In base 12, what is -121 + -28?
-149
In base 5, what is 22 + -41?
-14
In base 3, what is -12 + -2120?
-2202
In base 14, what is 1 + -185?
-184
In base 7, what is 650 - 14?
633
In base 8, what is 624 - 5?
617
In base 15, what is 5a + 2?
5c
In base 6, what is 34212 + 2?
34214
In base 3, what is 100 - -20?
120
In base 15, what is 33c + -1?
33b
In base 16, what is -367 + 5?
-362
In base 16, what is 10 + -d?
3
In base 8, what is -150 + -4?
-154
In base 5, what is -103 - -2342?
2234
In base 14, what is 16 + 11?
27
In base 7, what is -1221 - 3?
-1224
In base 15, what is -5 + 95?
90
In base 8, what is -25 + -5?
-32
In base 4, what